**2 - 2*u**2 - 11*u + 7*u. List the prime factors of n(h).
2, 3
Suppose -2*o = -6*o + 28. Suppose -7 - 3 = 5*q. What are the prime factors of (o/q)/((-2)/4)?
7
Suppose -5*c = -5*m - 5, 2*c - 5*m - 3 = -1. Let h be 9*-11*(-1)/c. Suppose -5*r + l - 6 = -h, -4*l = 12. List the prime factors of r.
2, 3
What are the prime factors of (2/3)/((-8)/(-312))?
2, 13
Suppose -280 = -4*z - 4*z. List the prime factors of z.
5, 7
Let d be (12/(-8))/((-6)/80). Let k be (-13)/(-4) - (-1)/(-4). Suppose -k*c + d = -c. List the prime factors of c.
2, 5
Let l = 95 + -51. List the prime factors of l.
2, 11
Let c(z) = -6 + 5*z + z**2 + 0 + 2. Let k be ((-1)/(-1))/((-1)/7). What are the prime factors of c(k)?
2, 5
Suppose 2 = -s - 1. Let c be (-56)/2*s/4. Let n = -13 + c. What are the prime factors of n?
2
Let m be 2/8 - 39/(-4). Suppose 20 = 5*c - m. Suppose -2*a = -i - c - 9, 4*i = -4*a. List the prime factors of a.
5
Let n = -4 - 5. Let w = n + 40. What are the prime factors of w?
31
Suppose d - 5*w - 390 = 0, -w = 4*d + w - 1626. List the prime factors of d.
3, 5
Let s = 32 + 8. What are the prime factors of s?
2, 5
Let a be (3 + -6 + -1)*-1. Suppose -126 = -4*u + a*v - 7*v, -5*u + 163 = v. List the prime factors of u.
3, 11
List the prime factors of 288/2 - 0 - (-21 + 19).
2, 73
Let k(l) = -4*l**2 - l - 2 + 7*l**2 - l**2. Let j be (2/4)/(2/(-8)). List the prime factors of k(j).
2
Suppose h = -5*j + 4*h - 26, 0 = -5*j + h - 22. Let l be 0/1 - (j - -1). List the prime factors of (l/(-4))/((-2)/32).
2, 3
Let r = 2 + 8. Let a = -10 + r. Suppose a = 4*f - 16 + 4. List the prime factors of f.
3
Let l = 3 - 0. Suppose 3*z = z + l*g + 16, -z - 6 = -5*g. List the prime factors of z.
2, 7
Let x = 5 + -3. Suppose 3 = n - x*c, -n + 4*n - c = 19. List the prime factors of n.
7
Let x(p) = p + 5. Let j be x(-13). List the prime factors of 1/(1/j*-1).
2
Suppose 3*a - i = -3*i + 170, 64 = a - 3*i. What are the prime factors of a?
2, 29
Let h(z) = -1 - 3 + 5 + 0 - 6*z. List the prime factors of h(-6).
37
Let o(u) = u**3 - u**2 - u + 3. Let t be o(0). Suppose 3*v - 5*i - 35 = -0*i, 0 = -t*v - i + 47. List the prime factors of v.
3, 5
Let p(d) = 3*d**2 + 2*d + 1. What are the prime factors of p(2)?
17
Let i = 10 + -8. Suppose i*s + 198 = 7*s + 4*g, 0 = -5*s + 2*g + 216. What are the prime factors of s?
2, 3, 7
Suppose -4*w = o, -w + 2*o = 5*o. Suppose -2*a + 2*t + 44 = 0, 4*a = -w*a + 3*t + 92. List the prime factors of a.
2, 13
Let u = -150 - -60. What are the prime factors of u/(-4)*4/5?
2, 3
Let m(a) = a**2 + 6*a + 6. Let p be m(-6). Suppose 2*u - p = 2. Suppose -3*g = -4*r - u, -2*r + 3 = g - 3*r. List the prime factors of g.
2
Suppose -m + 1 = -14. List the prime factors of (-24)/(-20)*m/2.
3
Suppose -3*o - 2*k + 7*k = -244, 4*k - 16 = 0. What are the prime factors of o?
2, 11
Let t = -11 - -14. Suppose t*b + 11 = 71. List the prime factors of b.
2, 5
Let s be (1 + 0)/(1/2). Let u(k) = 9 - 4 + 2*k + s*k + k**2. List the prime factors of u(-5).
2, 5
Let b = 61 - 54. What are the prime factors of b?
7
Let s(k) = -7*k**3 - 3*k**2 - 2*k. List the prime factors of s(-2).
2, 3
Let x be (-7)/(-3) + 2/(-6). Suppose x = -p - 0*p. List the prime factors of (-5 + 1)/(p - 0).
2
Let f = 5 - 0. Suppose 4*o = 2*m + 40, 48 = 5*o - 8*m + f*m. Suppose -2*x = -5*d + 48, d - x - o = -0*d. List the prime factors of d.
2
List the prime factors of -1 - (-274)/6 - 4/6.
2, 11
What are the prime factors of (-30)/2*10/(-3)?
2, 5
Suppose 4*r + 2*o = -12, -2*o = 2*r + 3*r + 14. What are the prime factors of (14/(-6))/(r/12)?
2, 7
Let q = 24 - 12. List the prime factors of q.
2, 3
Let u be 2*(-2)/(-8)*6. Let l(h) = 3*h - 4. Let k be l(u). Suppose -2*x = -0*x - 2*y - 24, -2*x + 24 = -k*y. What are the prime factors of x?
2, 3
Suppose 7*w + 9*w - 3328 = 0. List the prime factors of w.
2, 13
Suppose -93 - 27 = -4*a. Suppose -4*v - v = -a. What are the prime factors of v?
2, 3
Suppose -5*s = -4*s - 70. Let y = s + -178. What are the prime factors of y/(-30) - (-4)/10?
2
Let i be -2 + 12/(-10)*-5. Let a be 70/8 + 2/8. Let b = a - i. What are the prime factors of b?
5
Suppose 5*q = 4*n + 28, 10 = 3*q - 2*n + 3*n. List the prime factors of q.
2
Let z(a) = -a**2 + 9*a - 8. List the prime factors of z(7).
2, 3
Suppose 0*t = 2*t - 60. What are the prime factors of t?
2, 3, 5
Let j be 5*(33/(-15) - -3). Suppose -v - 83 = -j*v - z, 100 = 4*v + 4*z. What are the prime factors of v?
29
Let n(s) = s**3 - 3*s**2 + 2. Let p be n(3). Let a be 0/(-1 - p - -2). Suppose 4*x = 0, a = k - 5*k + 4*x + 68. What are the prime factors of k?
17
List the prime factors of 64 - (0 + (-2 - -4)).
2, 31
Let s = 59 - -88. What are the prime factors of s?
3, 7
Suppose 0 = 7*l - 99 - 83. What are the prime factors of l?
2, 13
Let c(i) = -i**2 + 5*i. Let x(k) = -2*k - 8. Let g be x(-6). Let f be c(g). Suppose 19 = f*l - 25. What are the prime factors of l?
11
Let f(k) = 0*k - 3*k + 6 + 2*k - 13. Let d be f(5). List the prime factors of (-6)/d - (-82)/4.
3, 7
Suppose -5*y = -3*o + 67, -33 = -3*o - 5*y + 44. What are the prime factors of o?
2, 3
What are the prime factors of ((-1)/1)/(3/(-201))?
67
Let i(x) = -x**2 - 7*x + 3. Let j be i(-6). Let p = -4 + j. What are the prime factors of p?
5
Suppose -24 = -3*h - 3*d, -3*h - 2*d + 7*d = -40. What are the prime factors of h?
2, 5
Suppose -4*h + w = -2*h - 17, 4 = 4*w. List the prime factors of h.
3
Suppose 4*k - 96 = -2*k. List the prime factors of k.
2
Let k = 47 - -8. Suppose -3 - 1 = 2*p, 0 = -3*w - 4*p + k. List the prime factors of w.
3, 7
Let y(h) = 8*h + 9*h**2 - 10*h**2 - 2 - 3. Let x be y(8). Let a = 7 + x. List the prime factors of a.
2
List the prime factors of ((-9)/(-12))/((-1)/(-60)).
3, 5
Let d(n) = -7*n - 1. List the prime factors of d(-2).
13
Suppose 7 + 21 = 4*h. What are the prime factors of h?
7
Let v = -4 - -4. Suppose -4*o + 9 + 11 = v. Let f(u) = u + 2. What are the prime factors of f(o)?
7
Suppose -433 = -2*n + 5*a, 400 + 73 = 2*n + 3*a. List the prime factors of n.
229
Suppose -d + 4 = 4*x - 20, 111 = 4*d + x. Suppose 3*m - d = 5. Let b = -6 + m. List the prime factors of b.
5
Let r = -40 + 80. Let t = -5 + 5. Suppose t = -h + 5*h - r. List the prime factors of h.
2, 5
Let i be 0 + -1 + -1 - -4. Suppose k = -i*d + 2*k + 3, 0 = 2*k - 6. List the prime factors of 14 - d*4/6.
2, 3
Suppose 4 = 15*o - 14*o. List the prime factors of o.
2
Suppose -40 - 24 = -4*b. Suppose b = -2*x + 3*x. List the prime factors of x.
2
Suppose 2*d - 5 = 2*f + 9, 4*f + 3*d + 63 = 0. Let t = f + 20. List the prime factors of t.
2
Suppose -2*f + 51 = 5*i + 12, 107 = 5*f + 3*i. What are the prime factors of f?
2, 11
Let o = 3 - 3. Suppose 3*y = n - 15, 2*n - 3*y - 2*y - 27 = o. List the prime factors of n.
2, 3
Let y(h) = -h - 1. Let m be y(-5). Let u(q) = -4*q + 5. Let p(n) = -n + 1. Let l(o) = p(o) - u(o). What are the prime factors of l(m)?
2
Let y(w) = -5*w + 6. Let g(h) = -4*h + 7. Let k(r) = -5*g(r) + 6*y(r). What are the prime factors of k(-2)?
3, 7
Let i(n) = n**3 - 5*n**2 - 8*n - 7. Let y be i(7). Suppose x - 2*o - y = 0, -2*o = 2*x + 2*o - 110. What are the prime factors of x?
3, 5
Let b = 1 - -1. Suppose 2 = -b*q, -2 - 36 = -2*j - 4*q. List the prime factors of j.
3, 7
Let o(h) = h**2 - h + 6. List the prime factors of o(6).
2, 3
Suppose -55 = 12*j - 847. What are the prime factors of j?
2, 3, 11
List the prime factors of (-4)/14 - (-1408)/77.
2, 3
Let f(w) = -w**2 - 4*w - 1. Let h be f(-3). Let a = 17 - h. Let g = 24 - a. What are the prime factors of g?
3
Suppose -3 = -3*h + 36. List the prime factors of h.
13
Let a(s) = s - 1. Let d = 2 + 2. Let t be a(d). Suppose t = o - 2, 5*o - 31 = -3*b. List the prime factors of b.
2
What are the prime factors of (-103)/(-2)*-5*(-6)/15?
103
Let x(p) = -p**3 + 2*p + 33. List the prime factors of x(0).
3, 11
Suppose 3*j - 6 - 6 = 0. Suppose -3*a + j + 2 = 0. Let h(n) = 2*n**2 - 2*n. What are the prime factors of h(a)?
2
Let q = -32 - -38. Let z(c) = -3*c + 4. Let f(s) = 3*s - 4. Let r(d) = 3*f(d) + 2*z(d). List the prime factors of r(q).
2, 7
Let w(z) = z**3 - 6*z**2 - 9*z - 4. Let b be w(8). Suppose 3*h = -h + b. List the prime factors of h.
13
Suppose -2*h - 3*x + x = 68, -4*h - 136 = x. List the prime factors of h/(-6)*(1 - -2).
17
Suppose -3*f